rst derivative of -33 + 0*z - 1/3*z**3 + 1/2*z**2. Calculate r(k).
-2
Suppose -14*k = 57*k + 8*k - 237. Let g(j) = 3*j**3 - j**2 - 2*j + 2. Give g(k).
68
Let z(h) = 14*h + 80 - 4*h - 7 + 11. Let i be z(-9). Let a(k) = k**2 + 9*k + 8. Calculate a(i).
-10
Let m(j) = -27*j**3 - 20*j**2 + 52*j - 11. Let u(w) = 10*w**3 + 6*w**2 - 16*w + 4. Let p(y) = 3*m(y) + 8*u(y). Give p(-14).
-1
Let k(o) = -o + 2. Let i(u) = u**3 - 2*u**2 + 4*u + 42. Let p be i(-6). Let x be ((-6)/(-5))/((-81)/p). What is k(x)?
-2
Let h(w) = -3*w**2 + 5*w - 5. Let q = -39311 + 39313. Give h(q).
-7
Let w(b) = b**2 + 9*b - 1. Suppose -4*h = -3*q - 2300 + 553, 5*q + 1757 = 4*h. Let l = h - 443. Determine w(l).
9
Let u = 1519 + -1525. Let z(d) = -2*d**3 - 12*d**2 - 4*d + 14. Give z(u).
38
Let g = 12 + -17. Let j(a) = 7*a. Let h(y) = -4 + 1337*y - 1335*y + 4. Let v(u) = -5*h(u) + j(u). What is v(g)?
15
Let w(a) = -4*a + 1. Let k = 17 - 15. Suppose -6 = k*l - 14. Let b(z) = -z**2 + 9*z - 19. Let h be b(l). Give w(h).
-3
Let f(d) = d**3 + 17. Let a(r) = 22*r - 169. Let g be a(10). Let l = g - 51. Give f(l).
17
Suppose 111123*j - 111656*j = 3198. Let z(t) be the first derivative of t**3/3 + 5*t**2/2 - 1. What is z(j)?
6
Let b(u) = u**3 - 9*u**2 - 7*u + 59. Let a be (4 + (-145)/10 + -3)*4/(-6). Determine b(a).
-4
Suppose 38 - 714 = 40*s - 14*s. Let g(r) = r**3 + 27*r**2 + 27*r - 5. Determine g(s).
-31
Let w be (2/(-1 - 1))/(-1). Let q be (-3 - (-2 + 3)) + w. Let x(j) = -68*j + 2*j**2 - 41*j + 112*j. Give x(q).
9
Let u(k) = -k**3 - 43*k**2 - 121*k - 47. Let h(b) = 96*b + 8696. Let a be h(-91). What is u(a)?
-7
Suppose 160 = 2*k + 3*k. Let n = 134 - 134. Suppose n*f - k = -8*f. Let q(i) = -2*i**2 + 2*i + 5. Determine q(f).
-19
Let f(k) be the second derivative of 1/6*k**4 - k**2 + 0 - 106*k - 1/2*k**3. Let y = -2 - -6. Give f(y).
18
Let n(a) = 5 + a - 2*a + a**2 - 4 - 3*a**3. Let l(s) = s**3 + 7*s**2 - 18*s + 1. Let t be (((-276)/(-8))/23)/((-3)/(-4)). Let m be l(t). What is n(m)?
-2
Let z(m) = 9*m**2. Let f(b) = -2*b**2 - 31*b + 11. Let r be f(-8). Let l = r - 130. Give z(l).
9
Let s(v) be the second derivative of -v**3/2 + v**2 + 16*v. Let q = -1587 - -1592. Determine s(q).
-13
Let d(a) = 16*a + 11*a - 32127 + 64836 - a**2 - 31402. Calculate d(52).
7
Let z = 4 + -6. Let y(s) = 6*s - 5. Let i(r) = -3 + 4 + 12*r + 3 - 2*r - 13*r. Let o(n) = 3*i(n) + 2*y(n). Calculate o(z).
-4
Suppose 5*r - 23 = -q, 23 = -2*q + 5*r + 9. Let l(t) = -24*t - 3*t**3 - q + t**3 + 2 + 26*t. Let s = -2 + 0. What is l(s)?
11
Let w(r) = r**3 - 12*r**2 + 14*r + 22. Let x = -10197 + 10207. Give w(x).
-38
Let k(q) = 2*q - 39. Let i(t) = 13*t - 276. Let u(l) = -4*i(l) + 28*k(l). Give u(4).
28
Suppose x - 20 = 6*x, -3*r + x + 1 = 0. Let o(h) be the third derivative of 0*h**3 + 1/24*h**4 + 0*h + 0*h**5 + 0 - 1/120*h**6 + 4*h**2. Give o(r).
0
Let d be (-6)/1*15/30. Let q(u) = -u**3 - 4*u**2 + 3*u - 6. Let b be q(-5). Let n(z) = 2 + 0 - 4 - b*z. Determine n(d).
10
Let y = 0 + 6. Let o = -4 + y. Let d(b) = -3542 + b**2 + 2*b + 1762 + 1779. Calculate d(o).
7
Let a(s) = 99*s**3 + 21*s**2 - 35*s + 18. Let c(i) = 37*i**3 + 7*i**2 - 12*i + 6. Let b(m) = 3*a(m) - 8*c(m). Calculate b(-8).
14
Let r(t) = -t**3 + 22*t**2 + 21*t - 38. Let y be (-65)/(-3) + (-1416)/(-1062). What is r(y)?
-84
Let h(j) = -j**2 - 15*j - 4. Let d = 2841 + -2858. What is h(d)?
-38
Let c(m) = -3*m**2 + 230*m - 55. Let g(p) = -2*p**2 + 95*p - 29. Let t(y) = 2*c(y) - 5*g(y). Give t(5).
60
Let y(b) = 48*b + 194. Let o be y(-4). Let v(c) = -2*c**2 + c. Let g(i) = -6*i**2 + 2*i. Let x(h) = o*v(h) - g(h). Let a = 1 - 0. What is x(a)?
2
Let l(j) = -14*j**3 - 21*j**2 - 7*j + 71. Let c(y) = -17*y**3 - 21*y**2 - 12*y + 74. Let r(i) = 5*c(i) - 6*l(i). Give r(20).
-16
Let f(d) = 3*d**2 + 5*d + 1. Suppose -87*h = -93*h - 12. Calculate f(h).
3
Suppose -6 = g - 2*p, 7*g + 20 = 9*g + 4*p. Let h(d) = 8*d**2 - 38 - 3*d**g + 34 - 4*d - d**3. Determine h(4).
-4
Let m(f) = f**2 - 6*f - 5. Let d = 162 + -132. Suppose 199*t = 193*t + d. Give m(t).
-10
Suppose 17*s = 39 + 12. Suppose -s*u + 4*u + 3*r + 12 = 0, u + 6 = -r. Let z(x) = 3 - 4*x + 2*x + 4*x. Determine z(u).
-3
Let f(p) = 6*p**2 - 15. Let r be 6 + 13 - 9 - 5. Give f(r).
135
Let r(n) be the first derivative of -n**3/3 + 4*n**2 + 3*n + 1093. Give r(6).
15
Suppose 3*r + 18 = v + 7*r, 4*v = -4*r + 24. Let k(o) = -2*o**2 + 0*o - 29 + 38 + 0*o**v + 11*o. Calculate k(6).
3
Let g(x) = -39*x + 1402. Let t(m) = 37*m - 1332. Let i(c) = -19*g(c) - 20*t(c). Let l be (-2 - -1)/(-1 - -2). What is i(l)?
1
Suppose -19*t + 172 + 71 + 4 = 0. Let o(q) = -q**3 + 15*q**2 - 30*q + 28. Give o(t).
-24
Let y(o) be the first derivative of -15/2*o**2 - 1/3*o**3 - 13 + 0*o + 1/60*o**5 + 1/12*o**4. Let l(c) be the second derivative of y(c). Give l(-4).
6
Let w be 1*(-4 + 3)*-1. Let y(x) be the first derivative of x**6/30 - x**5/30 + x**3/6 + 13*x**2 + 14. Let a(n) be the second derivative of y(n). What is a(w)?
3
Suppose -2*f + 2*d - 16 = 0, -f - 2*d = -34 + 27. Let n(l) = -2*l + 3. Let p(j) = j - 2. Let v(h) = -6*n(h) - 11*p(h). Calculate v(f).
1
Let m(u) = 3*u + 1. Let o = -25 - -26. Suppose 21 = 11*f - o. Suppose 0 = -k + 2*a, -f*a + 3 = a. Calculate m(k).
7
Let z(p) = p**3 - 395 + 797 - p - 397 + 2*p**2. What is z(-3)?
-1
Let p(s) be the second derivative of s**5/20 - 19*s**4/12 - s**3/6 + 15*s**2 + 549*s. What is p(19)?
11
Let u be 4 + -5 + (-9)/(-3). Let k be (((-33)/u)/(-11))/(6/16). Let b(d) = -92 + 43 - 4*d + d**3 + k*d**2 + 46. Give b(-4).
13
Let f(z) = -408*z + 1248*z - z**2 + 7 - 417*z - 419*z. Let g(m) = m**2 + 2*m - 10. Let y be g(3). Give f(y).
2
Let b(z) = 214*z - 629. Let x be b(3). Let y(g) = -3*g + 52. Calculate y(x).
13
Let l be (-12)/(-2)*(3 - 371/(-14)). Let u(m) = -l*m + 4 - 174*m - m**2 + 349*m. What is u(-4)?
-4
Let a(b) = -8*b - 2. Let q be a(-2). Let s(v) = -v**2 + 11*v + 44. Let t be s(q). Let w(r) = 3*r - 28 - t*r + 29. Calculate w(5).
6
Let k(o) = -o + 0*o + 4*o - 9. Let n(i) = i**3 + 3*i**2 + 13*i + 61. Let h be n(-4). Let t be h/(3/(-5) - 26/65). Determine k(t).
12
Let z(k) = -3*k**2 + k - 4. Let x(n) = n**2 + n. Let g(v) = 2*x(v) + z(v). Let p(f) = 6*f - 18. Let w be p(4). Suppose -w*d - 4 = -28. Determine g(d).
-8
Let j be 4/(-2) - (-1)/1. Let b(w) = 6 - 107*w - 103*w + 342*w - 113*w - 7. Determine b(j).
-20
Suppose -2*m + 16 = -2*q, 2*m + 2*m - 30 = 3*q. Let v(p) = -p + 1. Let n(c) = -5*c + 6. Let t(l) = n(l) - 6*v(l). Give t(m).
6
Let x(s) = s**3 - 7*s**2 + 3*s - 9. Let q = -9625 - -9632. Give x(q).
12
Let z(s) = -5*s + 1. Let c be z(-1). Let w(j) = -j**2 + 2*j**2 - c*j - 2*j**2 + 1. Suppose 5*y + 28 = 4*o, 2*o + 3*o = -4*y - 6. Give w(y).
9
Let h(p) = -290*p - 2 + 309*p + p**2 - 10. What is h(-16)?
-60
Let x(n) = -n**3 + 6*n**2 + 6*n + 3. Suppose 4*b + 5*a - 2*a = 5, -2*a = -b + 4. Suppose -5*k = 2*g - 35, 34 + 1 = 5*k - b*g. Calculate x(k).
-4
Let k(l) be the second derivative of -l**4/4 - 7*l**3/6 + 2*l**2 - 7*l + 1. Let t(b) = b**2 + 2*b - 1. Let f(m) = -k(m) - 2*t(m). Determine f(3).
16
Let v(y) = -y**2 - 7*y - 6. Suppose 5 + 5 = 5*s. Let h(d) = 2*d**s + 113*d + 4 - 103*d - 3*d**2. Let t be h(11). Give v(t).
-6
Let n(f) be the third derivative of f**6/60 - 2*f**5/5 + 7*f**4/8 + 19*f**3/6 - 13360*f**2. Calculate n(11).
8
Let n(v) = 24*v + 2. Let s be n(5). Let w = s - 122. Let t(b) = 7*b + 1 + b**2 + 7 + w*b + b. What is t(-6)?
-4
Let i(w) = 865*w**2 - 425*w**2 + 23*w + w**3 - 429*w**2 - 1. Give i(-8).
7
Let p(f) = -2*f**2 + 9*f + 1. Let w be p(4). Suppose -8 - 25 = 2*j - w*s, -2*j - 42 = -2*s. Let u = j - -30. Let d(r) = -2*r. Calculate d(u).
-12
Let k(d) be the first derivative of -d**4/4 + 2*d**3 - 5*d**2/2 - 7*d - 1504. What is k(3)?
5
Let l(p) = 9*p + 2 - 36 - 7*p - p - 5*p. Calculate l(-8).
-2
Let x(l) = -85*l**3 - 1. Let j(z) = -19*z + 1253. Let f be j(66). Give x(f).
84
Let v(b) = 5*b**2 - 2*b + 2. Suppose -3*g - 3*w = 0, -2 = -2*g + 7*g + 3*w. Let n be ((-25)/9 - 84/378)/g. What is v(n)?
41
Let d(x) = -x**2 + 5*x. Let s(h) = 2*h - 1. Let u(j) = d(j) - 3*s(j). Let v be 0 - 1 - -1*(-1 - -4). Calculate u(v).
-3
Suppose 37 = -2*u + 59. Let z(t) = u + 9 + 11 - 29 - t. Let y = 0 + -2. Calculate z(y).
4
Let u(a) = -a**3 - 4*a**2 - 2*a - 4. Let b(n) = -2*n**3 - 9*n**2 - 7*n - 7. Let c(i) = -2*b(i) + 5*u(i